{"id":750,"date":"2023-03-08T14:09:24","date_gmt":"2023-03-08T14:09:24","guid":{"rendered":"https:\/\/www.lauratheunissen.com\/over-laura\/"},"modified":"2023-12-31T10:26:19","modified_gmt":"2023-12-31T10:26:19","slug":"over-laura","status":"publish","type":"page","link":"https:\/\/www.lauratheunissen.com\/nl\/","title":{"rendered":"Over Laura"},"content":{"rendered":"\n<p><\/p>\n\n\n\n<div class=\"wp-block-columns is-layout-flex wp-container-core-columns-is-layout-9d6595d7 wp-block-columns-is-layout-flex\">\n<div class=\"wp-block-column is-layout-flow wp-block-column-is-layout-flow\" style=\"flex-basis:33.33%\">\n<figure class=\"wp-block-gallery has-nested-images columns-default is-cropped wp-block-gallery-1 is-layout-flex wp-block-gallery-is-layout-flex\">\n<figure class=\"wp-block-image size-large is-style-default\"><img decoding=\"async\" data-id=\"74\" src=\"https:\/\/www.lauratheunissen.com\/wp-content\/uploads\/2023\/05\/Vanmichveurdich-768x1024.jpg\" alt=\"\" class=\"wp-image-74\"\/><\/figure>\n<\/figure>\n<\/div>\n\n\n\n<div class=\"wp-block-column is-layout-flow wp-block-column-is-layout-flow\" style=\"flex-basis:66.66%\">\n<p>Laura Theunissen (*1986) is een \u2018Slekkermaedje\u2019, dat korte doch krachtige gedichten in het Limburgs schrijft. Onder het motto \u2018Vanmichveurdich\u2019 schrijft Laura over thema&#8217;s als de liefde, vriendschap, durven dromen, het vieren van het leven en ook een stukje dankbaarheid, afscheid nemen en het leven \u2018an sich&#8217;.<\/p>\n\n\n\n<p><\/p>\n\n\n\n<p>Laura schrijft in het Limburgs, omdat dat voor haar het meest authentiek voelt: \u201d \u2019t Limburgs is voor mij mijn moedertaal: de taal waarin ik denk, droom en liefheb\u201d. Bovendien schrijft ze voor een breed publiek: \u201cMijn gedichten zijn voor iedereen, niet te lang of ingewikkeld geformuleerd, maar gewoon recht voor de raap.\u201d<\/p>\n\n\n\n<p><\/p>\n\n\n\n<p>Haar mooi vormgegeven dichtbundels worden vaak als cadeauboekje aangeschaft en vormen ook een origineel relatiegeschenk. Bovendien verzorgt Laura lezingen en workshops op maat en schrijft ze tevens op aanvraag gedichten voor speciale gelegenheden.<\/p>\n\n\n\n<p><\/p>\n\n\n\n<p>Met haar Limburgse gedichten biedt Laura haar lezers troost of (h)erkenning, maar ook hoop, nieuw (zelf-)vertrouwen of &#8217;n glimlach. Allemaal onder het motto:<\/p>\n\n\n\n<p><strong><em>\u2018Van mich veur dich\u2019<\/em><\/strong><\/p>\n\n\n\n<p><\/p>\n\n\n\n<p><\/p>\n<\/div>\n<\/div>\n","protected":false},"excerpt":{"rendered":"<p>Laura Theunissen (*1986) is een \u2018Slekkermaedje\u2019, dat korte doch krachtige gedichten in het Limburgs schrijft. Onder het motto \u2018Vanmichveurdich\u2019 schrijft Laura over thema&#8217;s als de liefde, vriendschap, durven dromen, het vieren van het leven en ook een stukje dankbaarheid, afscheid nemen en het leven \u2018an sich&#8217;. Laura schrijft in het Limburgs, omdat dat voor haar &hellip; <\/p>\n","protected":false},"author":1,"featured_media":0,"parent":0,"menu_order":0,"comment_status":"closed","ping_status":"closed","template":"","meta":{"footnotes":""},"class_list":["post-750","page","type-page","status-publish","hentry"],"yoast_head":"<!-- This site is optimized with the Yoast SEO plugin v27.3 - https:\/\/yoast.com\/product\/yoast-seo-wordpress\/ -->\n<title>Over Laura - Laura Theunissen<\/title>\n<meta name=\"description\" content=\"Laura Theunissen (*1986) is &#039;n Slekkermaedje, gebaore en getaoge in de gem\u00e8ndje Ech-Z\u00f6stere en inmiddels woonechtig in Mestreech. Van kleins aaf aan interesseert &#039;t zich veur taal, want &quot;taal verb\u00e8ntj, bruk moere aaf&quot; en &quot;is &#039;n st\u00f6kske identiteit&quot;.\" \/>\n<meta name=\"robots\" content=\"index, follow, max-snippet:-1, max-image-preview:large, max-video-preview:-1\" \/>\n<link rel=\"canonical\" href=\"https:\/\/www.lauratheunissen.com\/nl\/over-laura\/\" \/>\n<meta property=\"og:locale\" content=\"nl_NL\" \/>\n<meta property=\"og:type\" content=\"article\" \/>\n<meta property=\"og:title\" content=\"Over Laura - Laura Theunissen\" \/>\n<meta property=\"og:description\" content=\"Laura Theunissen (*1986) is &#039;n Slekkermaedje, gebaore en getaoge in de gem\u00e8ndje Ech-Z\u00f6stere en inmiddels woonechtig in Mestreech. Van kleins aaf aan interesseert &#039;t zich veur taal, want &quot;taal verb\u00e8ntj, bruk moere aaf&quot; en &quot;is &#039;n st\u00f6kske identiteit&quot;.\" \/>\n<meta property=\"og:url\" content=\"https:\/\/www.lauratheunissen.com\/nl\/over-laura\/\" \/>\n<meta property=\"og:site_name\" content=\"Laura Theunissen\" \/>\n<meta property=\"article:publisher\" content=\"https:\/\/www.facebook.com\/profile.php?id=100079153264932\" \/>\n<meta property=\"article:modified_time\" content=\"2023-12-31T10:26:19+00:00\" \/>\n<meta property=\"og:image\" content=\"https:\/\/www.lauratheunissen.com\/wp-content\/uploads\/2023\/05\/Vanmichveurdich-768x1024.jpg\" \/>\n<meta name=\"twitter:card\" content=\"summary_large_image\" \/>\n<meta name=\"twitter:label1\" content=\"Geschatte leestijd\" \/>\n\t<meta name=\"twitter:data1\" content=\"1 minuut\" \/>\n<script type=\"application\/ld+json\" class=\"yoast-schema-graph\">{\"@context\":\"https:\\\/\\\/schema.org\",\"@graph\":[{\"@type\":\"WebPage\",\"@id\":\"https:\\\/\\\/www.lauratheunissen.com\\\/nl\\\/over-laura\\\/\",\"url\":\"https:\\\/\\\/www.lauratheunissen.com\\\/nl\\\/over-laura\\\/\",\"name\":\"Over Laura - Laura Theunissen\",\"isPartOf\":{\"@id\":\"https:\\\/\\\/www.lauratheunissen.com\\\/#website\"},\"primaryImageOfPage\":{\"@id\":\"https:\\\/\\\/www.lauratheunissen.com\\\/nl\\\/over-laura\\\/#primaryimage\"},\"image\":{\"@id\":\"https:\\\/\\\/www.lauratheunissen.com\\\/nl\\\/over-laura\\\/#primaryimage\"},\"thumbnailUrl\":\"https:\\\/\\\/www.lauratheunissen.com\\\/wp-content\\\/uploads\\\/2023\\\/05\\\/Vanmichveurdich-768x1024.jpg\",\"datePublished\":\"2023-03-08T14:09:24+00:00\",\"dateModified\":\"2023-12-31T10:26:19+00:00\",\"description\":\"Laura Theunissen (*1986) is 'n Slekkermaedje, gebaore en getaoge in de gem\u00e8ndje Ech-Z\u00f6stere en inmiddels woonechtig in Mestreech. Van kleins aaf aan interesseert 't zich veur taal, want \\\"taal verb\u00e8ntj, bruk moere aaf\\\" en \\\"is 'n st\u00f6kske identiteit\\\".\",\"breadcrumb\":{\"@id\":\"https:\\\/\\\/www.lauratheunissen.com\\\/nl\\\/over-laura\\\/#breadcrumb\"},\"inLanguage\":\"nl-NL\",\"potentialAction\":[{\"@type\":\"ReadAction\",\"target\":[\"https:\\\/\\\/www.lauratheunissen.com\\\/nl\\\/over-laura\\\/\"]}]},{\"@type\":\"ImageObject\",\"inLanguage\":\"nl-NL\",\"@id\":\"https:\\\/\\\/www.lauratheunissen.com\\\/nl\\\/over-laura\\\/#primaryimage\",\"url\":\"https:\\\/\\\/www.lauratheunissen.com\\\/wp-content\\\/uploads\\\/2023\\\/05\\\/Vanmichveurdich-768x1024.jpg\",\"contentUrl\":\"https:\\\/\\\/www.lauratheunissen.com\\\/wp-content\\\/uploads\\\/2023\\\/05\\\/Vanmichveurdich-768x1024.jpg\"},{\"@type\":\"BreadcrumbList\",\"@id\":\"https:\\\/\\\/www.lauratheunissen.com\\\/nl\\\/over-laura\\\/#breadcrumb\",\"itemListElement\":[{\"@type\":\"ListItem\",\"position\":1,\"name\":\"Home\",\"item\":\"https:\\\/\\\/www.lauratheunissen.com\\\/nl\\\/over-laura\\\/\"},{\"@type\":\"ListItem\",\"position\":2,\"name\":\"Over Laura\"}]},{\"@type\":\"WebSite\",\"@id\":\"https:\\\/\\\/www.lauratheunissen.com\\\/#website\",\"url\":\"https:\\\/\\\/www.lauratheunissen.com\\\/\",\"name\":\"Laura Theunissen\",\"description\":\"Limburgse gedichskes \u00f3nger &#039;t motto: &#039;Van mich veur dich&#039;\",\"potentialAction\":[{\"@type\":\"SearchAction\",\"target\":{\"@type\":\"EntryPoint\",\"urlTemplate\":\"https:\\\/\\\/www.lauratheunissen.com\\\/?s={search_term_string}\"},\"query-input\":{\"@type\":\"PropertyValueSpecification\",\"valueRequired\":true,\"valueName\":\"search_term_string\"}}],\"inLanguage\":\"nl-NL\"}]}<\/script>\n<!-- \/ Yoast SEO plugin. -->","yoast_head_json":{"title":"Over Laura - Laura Theunissen","description":"Laura Theunissen (*1986) is 'n Slekkermaedje, gebaore en getaoge in de gem\u00e8ndje Ech-Z\u00f6stere en inmiddels woonechtig in Mestreech. Van kleins aaf aan interesseert 't zich veur taal, want \"taal verb\u00e8ntj, bruk moere aaf\" en \"is 'n st\u00f6kske identiteit\".","robots":{"index":"index","follow":"follow","max-snippet":"max-snippet:-1","max-image-preview":"max-image-preview:large","max-video-preview":"max-video-preview:-1"},"canonical":"https:\/\/www.lauratheunissen.com\/nl\/over-laura\/","og_locale":"nl_NL","og_type":"article","og_title":"Over Laura - Laura Theunissen","og_description":"Laura Theunissen (*1986) is 'n Slekkermaedje, gebaore en getaoge in de gem\u00e8ndje Ech-Z\u00f6stere en inmiddels woonechtig in Mestreech. Van kleins aaf aan interesseert 't zich veur taal, want \"taal verb\u00e8ntj, bruk moere aaf\" en \"is 'n st\u00f6kske identiteit\".","og_url":"https:\/\/www.lauratheunissen.com\/nl\/over-laura\/","og_site_name":"Laura Theunissen","article_publisher":"https:\/\/www.facebook.com\/profile.php?id=100079153264932","article_modified_time":"2023-12-31T10:26:19+00:00","og_image":[{"url":"https:\/\/www.lauratheunissen.com\/wp-content\/uploads\/2023\/05\/Vanmichveurdich-768x1024.jpg","type":"","width":"","height":""}],"twitter_card":"summary_large_image","twitter_misc":{"Geschatte leestijd":"1 minuut"},"schema":{"@context":"https:\/\/schema.org","@graph":[{"@type":"WebPage","@id":"https:\/\/www.lauratheunissen.com\/nl\/over-laura\/","url":"https:\/\/www.lauratheunissen.com\/nl\/over-laura\/","name":"Over Laura - Laura Theunissen","isPartOf":{"@id":"https:\/\/www.lauratheunissen.com\/#website"},"primaryImageOfPage":{"@id":"https:\/\/www.lauratheunissen.com\/nl\/over-laura\/#primaryimage"},"image":{"@id":"https:\/\/www.lauratheunissen.com\/nl\/over-laura\/#primaryimage"},"thumbnailUrl":"https:\/\/www.lauratheunissen.com\/wp-content\/uploads\/2023\/05\/Vanmichveurdich-768x1024.jpg","datePublished":"2023-03-08T14:09:24+00:00","dateModified":"2023-12-31T10:26:19+00:00","description":"Laura Theunissen (*1986) is 'n Slekkermaedje, gebaore en getaoge in de gem\u00e8ndje Ech-Z\u00f6stere en inmiddels woonechtig in Mestreech. Van kleins aaf aan interesseert 't zich veur taal, want \"taal verb\u00e8ntj, bruk moere aaf\" en \"is 'n st\u00f6kske identiteit\".","breadcrumb":{"@id":"https:\/\/www.lauratheunissen.com\/nl\/over-laura\/#breadcrumb"},"inLanguage":"nl-NL","potentialAction":[{"@type":"ReadAction","target":["https:\/\/www.lauratheunissen.com\/nl\/over-laura\/"]}]},{"@type":"ImageObject","inLanguage":"nl-NL","@id":"https:\/\/www.lauratheunissen.com\/nl\/over-laura\/#primaryimage","url":"https:\/\/www.lauratheunissen.com\/wp-content\/uploads\/2023\/05\/Vanmichveurdich-768x1024.jpg","contentUrl":"https:\/\/www.lauratheunissen.com\/wp-content\/uploads\/2023\/05\/Vanmichveurdich-768x1024.jpg"},{"@type":"BreadcrumbList","@id":"https:\/\/www.lauratheunissen.com\/nl\/over-laura\/#breadcrumb","itemListElement":[{"@type":"ListItem","position":1,"name":"Home","item":"https:\/\/www.lauratheunissen.com\/nl\/over-laura\/"},{"@type":"ListItem","position":2,"name":"Over Laura"}]},{"@type":"WebSite","@id":"https:\/\/www.lauratheunissen.com\/#website","url":"https:\/\/www.lauratheunissen.com\/","name":"Laura Theunissen","description":"Limburgse gedichskes \u00f3nger &#039;t motto: &#039;Van mich veur dich&#039;","potentialAction":[{"@type":"SearchAction","target":{"@type":"EntryPoint","urlTemplate":"https:\/\/www.lauratheunissen.com\/?s={search_term_string}"},"query-input":{"@type":"PropertyValueSpecification","valueRequired":true,"valueName":"search_term_string"}}],"inLanguage":"nl-NL"}]}},"_links":{"self":[{"href":"https:\/\/www.lauratheunissen.com\/nl\/wp-json\/wp\/v2\/pages\/750","targetHints":{"allow":["GET"]}}],"collection":[{"href":"https:\/\/www.lauratheunissen.com\/nl\/wp-json\/wp\/v2\/pages"}],"about":[{"href":"https:\/\/www.lauratheunissen.com\/nl\/wp-json\/wp\/v2\/types\/page"}],"author":[{"embeddable":true,"href":"https:\/\/www.lauratheunissen.com\/nl\/wp-json\/wp\/v2\/users\/1"}],"replies":[{"embeddable":true,"href":"https:\/\/www.lauratheunissen.com\/nl\/wp-json\/wp\/v2\/comments?post=750"}],"version-history":[{"count":2,"href":"https:\/\/www.lauratheunissen.com\/nl\/wp-json\/wp\/v2\/pages\/750\/revisions"}],"predecessor-version":[{"id":761,"href":"https:\/\/www.lauratheunissen.com\/nl\/wp-json\/wp\/v2\/pages\/750\/revisions\/761"}],"wp:attachment":[{"href":"https:\/\/www.lauratheunissen.com\/nl\/wp-json\/wp\/v2\/media?parent=750"}],"curies":[{"name":"wp","href":"https:\/\/api.w.org\/{rel}","templated":true}]}}

<!-- This site is optimized with the Yoast SEO plugin v27.3 - https://yoast.com/product/yoast-seo-wordpress/ -->
<title>Over Laura - Laura Theunissen</title>
<meta name="description" content="Laura Theunissen (*1986) is &#039;n Slekkermaedje, gebaore en getaoge in de gemèndje Ech-Zöstere en inmiddels woonechtig in Mestreech. Van kleins aaf aan interesseert &#039;t zich veur taal, want &quot;taal verbèntj, bruk moere aaf&quot; en &quot;is &#039;n stökske identiteit&quot;." />
<meta name="robots" content="index, follow, max-snippet:-1, max-image-preview:large, max-video-preview:-1" />
<link rel="canonical" href="https://www.lauratheunissen.com/nl/over-laura/" />
<meta property="og:locale" content="nl_NL" />
<meta property="og:type" content="article" />
<meta property="og:title" content="Over Laura - Laura Theunissen" />
<meta property="og:description" content="Laura Theunissen (*1986) is &#039;n Slekkermaedje, gebaore en getaoge in de gemèndje Ech-Zöstere en inmiddels woonechtig in Mestreech. Van kleins aaf aan interesseert &#039;t zich veur taal, want &quot;taal verbèntj, bruk moere aaf&quot; en &quot;is &#039;n stökske identiteit&quot;." />
<meta property="og:url" content="https://www.lauratheunissen.com/nl/over-laura/" />
<meta property="og:site_name" content="Laura Theunissen" />
<meta property="article:publisher" content="https://www.facebook.com/profile.php?id=100079153264932" />
<meta property="article:modified_time" content="2023-12-31T10:26:19+00:00" />
<meta property="og:image" content="https://www.lauratheunissen.com/wp-content/uploads/2023/05/Vanmichveurdich-768x1024.jpg" />
<meta name="twitter:card" content="summary_large_image" />
<meta name="twitter:label1" content="Geschatte leestijd" />
	<meta name="twitter:data1" content="1 minuut" />
<script type="application/ld+json" class="yoast-schema-graph">{"@context":"https:\/\/schema.org","@graph":[{"@type":"WebPage","@id":"https:\/\/www.lauratheunissen.com\/nl\/over-laura\/","url":"https:\/\/www.lauratheunissen.com\/nl\/over-laura\/","name":"Over Laura - Laura Theunissen","isPartOf":{"@id":"https:\/\/www.lauratheunissen.com\/#website"},"primaryImageOfPage":{"@id":"https:\/\/www.lauratheunissen.com\/nl\/over-laura\/#primaryimage"},"image":{"@id":"https:\/\/www.lauratheunissen.com\/nl\/over-laura\/#primaryimage"},"thumbnailUrl":"https:\/\/www.lauratheunissen.com\/wp-content\/uploads\/2023\/05\/Vanmichveurdich-768x1024.jpg","datePublished":"2023-03-08T14:09:24+00:00","dateModified":"2023-12-31T10:26:19+00:00","description":"Laura Theunissen (*1986) is 'n Slekkermaedje, gebaore en getaoge in de gemèndje Ech-Zöstere en inmiddels woonechtig in Mestreech. Van kleins aaf aan interesseert 't zich veur taal, want \"taal verbèntj, bruk moere aaf\" en \"is 'n stökske identiteit\".","breadcrumb":{"@id":"https:\/\/www.lauratheunissen.com\/nl\/over-laura\/#breadcrumb"},"inLanguage":"nl-NL","potentialAction":[{"@type":"ReadAction","target":["https:\/\/www.lauratheunissen.com\/nl\/over-laura\/"]}]},{"@type":"ImageObject","inLanguage":"nl-NL","@id":"https:\/\/www.lauratheunissen.com\/nl\/over-laura\/#primaryimage","url":"https:\/\/www.lauratheunissen.com\/wp-content\/uploads\/2023\/05\/Vanmichveurdich-768x1024.jpg","contentUrl":"https:\/\/www.lauratheunissen.com\/wp-content\/uploads\/2023\/05\/Vanmichveurdich-768x1024.jpg"},{"@type":"BreadcrumbList","@id":"https:\/\/www.lauratheunissen.com\/nl\/over-laura\/#breadcrumb","itemListElement":[{"@type":"ListItem","position":1,"name":"Home","item":"https:\/\/www.lauratheunissen.com\/nl\/over-laura\/"},{"@type":"ListItem","position":2,"name":"Over Laura"}]},{"@type":"WebSite","@id":"https:\/\/www.lauratheunissen.com\/#website","url":"https:\/\/www.lauratheunissen.com\/","name":"Laura Theunissen","description":"Limburgse gedichskes ónger &#039;t motto: &#039;Van mich veur dich&#039;","potentialAction":[{"@type":"SearchAction","target":{"@type":"EntryPoint","urlTemplate":"https:\/\/www.lauratheunissen.com\/?s={search_term_string}"},"query-input":{"@type":"PropertyValueSpecification","valueRequired":true,"valueName":"search_term_string"}}],"inLanguage":"nl-NL"}]}</script>
<!-- / Yoast SEO plugin. -->

Laura Theunissen (*1986) is 'n Slekkermaedje, gebaore en getaoge in de gemèndje Ech-Zöstere en inmiddels woonechtig in Mestreech. Van kleins aaf aan interesseert 't zich veur taal, want "taal verbèntj, bruk moere aaf" en "is 'n stökske identiteit".

Limburgse gedichskes ónger &#039;t motto: &#039;Van mich veur dich&#039;
